termine l(26).
13
Let k(w) = w**3 - w**2 - 41*w + 99. Determine k(5).
-6
Let r(o) = -4*o**3 + 24*o**2 + 2*o - 22. Give r(6).
-10
Let u(x) = -x**2 - 17*x - 17. What is u(-11)?
49
Let k(u) = -3*u**2 + 63*u + 18. Give k(20).
78
Let m(o) = -120*o + 474. Determine m(6).
-246
Let u(w) = w**3 + 4*w**2 - 16*w - 6. Calculate u(-7).
-41
Let f(o) = -7*o**3 + 3*o**2 - 7*o + 15. Give f(2).
-43
Let z(h) = -h**2 + 94*h + 7215. Determine z(-51).
-180
Let o(h) = 154*h + 46967. Give o(-305).
-3
Let j(s) = s**2 + 17*s - 318. What is j(-28)?
-10
Let b(q) = 3*q**2 - 62*q + 302. Determine b(10).
-18
Let y(k) = -3*k**3 + 22*k**2 - 44*k - 4. Give y(6).
-124
Let p(g) = -63*g + 454. What is p(7)?
13
Let i(h) = -14*h + 1156. Give i(86).
-48
Let x(f) = 2*f**3 - 13*f**2 + 40*f - 214. What is x(7)?
115
Let q(l) = l**3 - 45*l**2 + 42*l + 7. Calculate q(0).
7
Let l(w) = 41*w - 106. Determine l(2).
-24
Let l(h) = 7*h**2 + 57*h - 55. Calculate l(-9).
-1
Let n(c) = -c**3 + 164*c**2 - 348*c + 3920. Determine n(162).
32
Let w(b) = -b**2 - 17*b + 40. What is w(-9)?
112
Let c(u) = -u**3 + 16*u**2 + 12*u + 5. What is c(6)?
437
Let j(o) = 2*o**3 - 72*o**2 - 921*o + 89. What is j(46)?
43
Let n(i) = 1680*i - 1681. Give n(1).
-1
Let f(k) = 2*k**2 - 345*k + 2969. Determine f(9).
26
Let k(a) = 189*a + 1523. Calculate k(-8).
11
Let z(r) = -2769*r**2 + 35998*r - 19. Calculate z(13).
-6
Let g(r) = -1908*r + 55335. Calculate g(29).
3
Let y(h) = 81*h - 81. Determine y(3).
162
Let s(x) = -5*x**3 + x**2 - 21*x + 50. Determine s(6).
-1120
Let v(q) = 120*q - 1564. Give v(13).
-4
Let a(u) = -u**3 - 21*u**2 + 16*u - 112. Calculate a(-22).
20
Let d(q) = -q**3 + 26*q**2 - 163*q + 79. Determine d(17).
-91
Let d(h) = 5*h**2 - 445*h + 16. Determine d(89).
16
Let i(q) = -5*q**2 + 8*q + 10. Determine i(3).
-11
Let c(n) = -n**2 + 19*n + 57. Give c(-3).
-9
Let z(o) = 3*o**2 - 86*o + 528. Calculate z(9).
-3
Let x(o) = o**3 + 77*o**2 - 150*o + 651. Calculate x(-79).
19
Let c(u) = u**3 - 5*u**2 - 45*u - 14. Determine c(11).
217
Let w(s) = -17*s**2 - 152*s + 58. Give w(-10).
-122
Let x(l) = -l**2 + 34*l - 60. What is x(24)?
180
Let q(d) = -163*d**2 + 49*d - 91. Determine q(2).
-645
Let r(c) = -3*c**3 - 21*c**2 + 2*c + 31. What is r(-7)?
17
Let u(v) = v**3 - 11*v**2 + 13*v - 40. Determine u(9).
-85
Let n(r) = -r**2 - r + 299. Give n(16).
27
Let t(p) = p**2 - 93*p + 2135. Calculate t(54).
29
Let v(g) = g**3 - 61*g**2 + 191*g - 27. What is v(58)?
959
Let d(u) = 2*u**2 + 157*u + 797. What is d(-73)?
-6
Let k(i) = -11*i**2 + 27*i + 31. Give k(-1).
-7
Let u(x) = 2*x**2 - 68*x - 3457. Determine u(62).
15
Let g(h) = -41*h**2 - 59*h - 11. Calculate g(-2).
-57
Let c(w) = -29*w + 320. Determine c(6).
146
Let q(j) = -j**2 + 7*j + 6463. Determine q(84).
-5
Let x(j) = -4*j**2 - 88*j + 2910. What is x(-40)?
30
Let k(a) = 27*a**2 + 36*a - 37. Determine k(1).
26
Let f(j) = 18*j + 606. Calculate f(-33).
12
Let w(m) = m**3 - 35*m**2 - 202*m + 53. Determine w(40).
-27
Let k(l) = 2*l**3 + 6*l**2 + 12*l + 36. Give k(-3).
0
Let l(a) = a**2 - 28*a + 23. What is l(28)?
23
Let f(p) = -p**3 - 18*p**2 - 11*p + 26. Calculate f(-15).
-484
Let y(t) = 118*t - 3028. What is y(26)?
40
Let r(p) = -69*p + 3997. Give r(57).
64
Let j(a) = 174*a + 9. Determine j(1).
183
Let n(h) = -h**3 + 5*h - 13. Give n(-6).
173
Let l(u) = 536*u - 39125. Determine l(73).
3
Let a(f) = -14835*f + 148350. Determine a(10).
0
Let v(i) = -25*i**2 - 5*i + 28. What is v(3)?
-212
Let d(h) = 4*h**3 - 4*h**2 - 29*h - 55. Determine d(-2).
-45
Let f(z) = z**2 + 36*z - 681. Determine f(-50).
19
Let k(y) = -6*y**2 - 49*y + 154. What is k(3)?
-47
Let n(u) = -2*u**2 - 50*u - 366. What is n(-25)?
-366
Let z(x) = -134*x + 625. Determine z(10).
-715
Let d(t) = -10*t**3 - 3*t**2 + t + 4. What is d(2)?
-86
Let l(n) = 127*n + 631. Determine l(-5).
-4
Let x(n) = -7*n**2 - 322*n + 13. Determine x(-46).
13
Let y(w) = 470*w + 8004. Give y(-17).
14
Let j(n) = 2*n**3 - 37*n**2 + 14*n + 13. Give j(18).
-59
Let y(f) = -f**3 + 2*f**2 + 101*f + 15. Determine y(-9).
-3
Let g(j) = 24*j**3 - 361*j**2 + 16*j - 11. Give g(15).
4
Let b(r) = 2*r**3 - 170*r**2 - 165*r - 598. Calculate b(86).
4
Let w(v) = 3*v**3 + 11*v**2 + 2*v - 11. Determine w(-4).
-35
Let y(v) = 3*v**2 + 46*v - 514. Determine y(8).
46
Let t(x) = -x**3 - 20*x**2 + 69*x + 2057. What is t(-17)?
17
Let a(r) = 3*r**2 + 13*r - 41. What is a(-9)?
85
Let y(u) = u**3 - 16*u**2 - 56*u + 20. What is y(-5)?
-225
Let p(b) = 84*b - 823. Give p(9).
-67
Let y(s) = 5*s**2 + 17*s + 60. What is y(-7)?
186
Let i(t) = t - 8. Determine i(2).
-6
Let u(i) = 19*i - 973. Calculate u(31).
-384
Let c(z) = -2*z**2 + 24*z - 29. Calculate c(14).
-85
Let p(t) = 2*t**3 - 37*t**2 - 7*t + 446. Calculate p(18).
-4
Let n(z) = 3*z + 172. Determine n(-56).
4
Let p(m) = -176*m + 1376. What is p(11)?
-560
Let q(g) = -4*g - 2. What is q(-10)?
38
Let r(f) = -2*f**2 + 26*f + 351. Determine r(-9).
-45
Let k(c) = -c**3 + 10*c**2 + 49*c - 19. Calculate k(-4).
9
Let j(p) = p**3 + 3*p**2 + 18*p + 95. What is j(-4)?
7
Let c(f) = -f**2 + 186*f + 4816. What is c(-23)?
9
Let h(t) = -52*t + 5. Calculate h(-3).
161
Let k(f) = -588*f**2 + 5*f - 2. Give k(-1).
-595
Let a(y) = -9330*y - 9328. Determine a(-1).
2
Let o(p) = 3*p**2 - 69*p - 1810. Give o(39).
62
Let r(o) = 11*o - 668. Calculate r(55).
-63
Let p(o) = -60*o - 40. Calculate p(1).
-100
Let a(n) = -2*n + 1. Give a(0).
1
Let j(b) = -7*b**2 - 67*b - 16. Calculate j(-12).
-220
Let x(t) = 2*t**2 + 29*t - 83. Calculate x(-14).
-97
Let d(c) = -2*c**2 + 2161*c - 29852. Give d(14).
10
Let w(o) = -o**3 - 30*o**2 + 127*o - 328. Give w(-34).
-22
Let v(o) = -o**3 - 13*o**2 - 22*o. Give v(-8).
-144
Let l(q) = 7*q**2 + 40*q + 22. What is l(-5)?
-3
Let c(i) = 5*i**2 + 1294*i - 1290. Determine c(1).
9
Let i(b) = 3*b**2 + 54*b - 28. Determine i(1).
29
Let n(p) = 13*p - 1896. Calculate n(145).
-11
Let b(u) = 2*u**3 - 54*u**2 + 18*u - 481. What is b(27)?
5
Let z(o) = 8*o**2 + 84*o - 1. Determine z(0).
-1
Let l(j) = j**3 + 37*j**2 + 311*j - 4. Determine l(-13).
9
Let z(d) = 5*d**2 - 356*d - 280. Calculate z(72).
8
Let m(y) = -2*y**2 + 32*y - 34. Give m(13).
44
Let i(k) = k**3 + 5*k**2 - 21*k - 70. Calculate i(-3).
11
Let p(j) = -5*j + 55. What is p(24)?
-65
Let v(t) = -3*t**3 - 68*t**2 - 13*t + 9. Calculate v(-22).
-673
Let j(y) = y**3 - y**2 + y + 157. Determine j(0).
157
Let s(n) = 16*n - 43. Give s(0).
-43
Let h(p) = -p**3 - 5*p**2 + 498*p + 46. Determine h(20).
6
Let z(o) = -9*o + 302. What is z(37)?
-31
Let k(u) = 5*u**2 - 169*u + 293. Determine k(32).
5
Let r(k) = -3531*k + 24726. Calculate r(7).
9
Let f(b) = -3*b - 40. Calculate f(7).
-61
Let o(g) = 123*g + 9717. Give o(-79).
0
Let i(y) = -y**3 + 35*y**2 + 40. Determine i(35).
40
Let x(q) = -2*q**2 + 6*q + 129. Determine x(9).
21
Let x(b) = b**2 - 71*b + 801. Give x(57).
3
Let y(k) = 712*k + 1366. Determine y(-2).
-58
Let l(f) = 48*f - 114. Calculate l(3).
30
Let q(c) = 2*c**3 + 119*c**2 - 937*c + 22. What is q(7)?
-20
Let x(b) = -b**3 + 7*b**2 - 4*b. Calculate x(1).
2
Let p(a) = -1397*a - 36308. Calculate p(-26).
14
Let f(n) = -n**3 - 9*n**2 + 125*n + 104. What is f(8)?
16
Let z(h) = h**3 - 52*h**2 + 359*h - 269. What is z(44)?
39
Let r(m) = 702*m + 4179. What is r(-6)?
-33
Let b(f) = -7*f**3 - 44*f**2 - 29*f - 74. Calculate b(-6).
28
Let l(c) = 29*c - 188. Determine l(0).
-188
Let k(j) = -43*j - 257. What is k(-5)?
-42
Let c(y) = -y**3 - 7*y**2 - 224*y - 858. Calculate c(-4).
-10
Let b(v) = -33*v**2 - 220*v - 217. Give b(-1).
-30
Let w(r) = 2*r**3 - 18*r**2 - 10*r + 28. What is w(9)?
-62
Let y(r) = -3*r**2 + 83*r + 1139. What is y(-10)?
9
Let s(k) = -69*k + 511. Calculate s(2).
373
Let c(z) = z**3 + 10*z**2 + 20*z + 94. Calculate c(-9).
-5
Let y(f) = f**2 + 173*f + 1638. What is y(-163)?
8
Let p(q) = 2*q**2 - 247*q - 761. Give p(-3).
-2
Let p(z) = 184*z**2 - 804*z + 10. Give p(4).
-262
Let y(f) = -119*f + 152. Give y(5).
-443
Let d(z) = -z**2 + 56*z - 117. Determine d(11).
378
Let z(u) = -151*u - 9364. What is z(-62)?
-2
Let n(w) = -w**3 + 85*w**2 - 623*w + 541. What is n(77)?
2
Let s(q) = 12*q**2 - 2753*q + 6582. Determine s(227).
-1
Let z(h) = -h**2 - 17*h + 82. Calculate z(7).
-86
Let i(j) = j**3 - 6*j**2 - 9*j - 32. Give i(10).
278
Let h(x) = 1055*x + 6329. Give h(-6).
-1
Let q(j) = -400